)/8). Let r be (-2)/(-3) + 134/(-3). Let c = r + y. Calculate the greatest common divisor of 21 and c.
21
Suppose -a - 2*x = -9, 4*a + 4*x - 19 = 21. Let q be 1/(-7) + 694/7. Calculate the highest common divisor of q and a.
11
Let f be 59/7 + (-6)/14. Suppose 5*a - 2 = 8. What is the greatest common divisor of f and a?
2
Let m be 16 - (-2)/(0 - -2). Calculate the greatest common divisor of 34 and m.
17
Suppose 5*k + 28 = 6*k. Let h be (-588)/(-140) - (-1)/(-5). What is the highest common factor of k and h?
4
Let t(v) = 131*v**2 - 3*v + 1. Let c(o) = o. Let k(b) = 3*c(b) + t(b). Let l be k(-1). Calculate the greatest common divisor of l and 12.
12
Let h(n) = -n**3 + n - 1. Let z be h(1). Let i be 4477/33 + z/(-3). Calculate the greatest common divisor of 17 and i.
17
Suppose 0 = w - 5*w - 8. Let u be 260/28 + w/7. Calculate the highest common factor of 9 and u.
9
Let p(j) = -j**2 - 17*j + 16. Suppose 0 = -5*i - 0*i - 85. Let g be p(i). What is the highest common divisor of g and 40?
8
Let q = 178 + -103. Let j(o) = -2*o - 5. Let d be j(-5). Suppose -2*p + 18 = 3*h, -d*p + 91 = -4*h - 0*h. What is the greatest common factor of q and p?
15
Let w be (((-384)/9)/8)/((-1)/3). Calculate the greatest common factor of w and 8.
8
Suppose 2*z + 6 = -z. Let d(f) = -f**3 + 2*f + 3. Let v be d(z). Suppose 3*y = l - 51, 2*y - 323 = l - 6*l. What is the highest common factor of v and l?
7
Suppose 0 = 5*v - 2*u - u + 642, 5*v = -3*u - 618. Let b be -2 + (3 - 1) + 182. Let l = b + v. What is the greatest common divisor of 8 and l?
8
Suppose 2*z - 5*m = -z + 37, 0 = 5*z + 3*m - 5. Suppose -z = -p - 2. Let w(i) = 4*i**2 - 2*i + 1. Let n be w(1). What is the highest common divisor of p and n?
1
Let d(z) = z**2 - z**2 + 2*z**2. Suppose -n + 0*n = -h - 4, -20 = 4*h. Let c be d(n). What is the highest common factor of c and 14?
2
Let r = 79 - 70. Let s(o) = -o - 2. Let m be s(-3). What is the greatest common divisor of r and m?
1
Let v = -56 - -100. What is the highest common factor of 4 and v?
4
Suppose 5*o = 58 - 8. Let v be ((-15)/(-25))/(2/o). Suppose 29 = -0*k + v*k - 2*u, 3*k - 25 = 4*u. Calculate the highest common divisor of 55 and k.
11
Suppose 0 = -4*s - 12, 0 = -4*h - s + 56 + 37. What is the highest common divisor of 12 and h?
12
Suppose 0 = -i + 2*i + 12. Let x(l) = -l - 9. Let t be x(i). What is the greatest common factor of t and 33?
3
Suppose z - 4*z = -3*b - 150, 4*z - 3*b = 198. What is the highest common factor of z and 336?
48
Suppose 5*n - 20 = 3*s - 6*s, 4*s = n - 4. Suppose 0 = n*k - 7*k + 12. What is the highest common divisor of 28 and k?
4
Let n = 54 + -49. Suppose 3 = 4*p - p. Calculate the greatest common divisor of n and p.
1
Let f(t) = -77*t**2 - 2. Let h(b) = -25950*b**2 - 675. Let r(g) = -675*f(g) + 2*h(g). Let o be r(1). Calculate the highest common factor of o and 30.
15
Let g(q) = -q**3 + q**2 + 2*q + 1. Let m be g(-1). Let b be 8/44 - 106/(-22). Calculate the highest common factor of b and m.
1
Suppose -46 = -10*p + 8*p. Calculate the highest common divisor of 23 and p.
23
Suppose -m - x + 4*x = -7, -3*m - 15 = 3*x. Let s = 3 + -1. Let n be s - (1 + -17 - m). Calculate the greatest common divisor of 176 and n.
16
Suppose -5*w = x - 0*x - 4, -4*w = 4*x - 16. Suppose 3*h - 3 = -w. Suppose -58 + 18 = -5*m. What is the highest common divisor of m and h?
1
Let m(s) = -s**2 - 3*s. Let x be m(9). Let i be 2 - 0 - x/4. Let d = 54 - i. What is the greatest common factor of 5 and d?
5
Let a be (1*-5)/(1/(-3)). Suppose 7*l - a = 2*l. Calculate the greatest common divisor of 3 and l.
3
Let z(d) = -32*d + 7. Let g be z(-4). What is the greatest common divisor of 54 and g?
27
Let f(v) = v**2 - 6*v - 8. Let i be f(7). Let x be 0 + 2 + i + 7. Calculate the highest common divisor of x and 24.
8
Let n = -4 + 5. Let w = n - -8. Suppose 0 = -10*d + 5*d + 5*r + 375, -3*r = -2*d + 153. What is the greatest common divisor of d and w?
9
Let y = 99 + -39. Let n = -9 - -14. Suppose t + n = -3*j + 23, 3*t - 66 = -3*j. Calculate the greatest common divisor of y and t.
12
Let z(b) = -31*b + 2. Let s(o) = -63*o + 4. Let k(q) = 2*s(q) - 5*z(q). Let l be k(3). Calculate the greatest common divisor of l and 17.
17
Suppose 5*n - 3*a = -1 + 2, 0 = 2*n - 2*a + 2. Suppose -88 = -4*i + n*i. Suppose 7*s - 60 = -8*s. What is the highest common factor of i and s?
4
Let q be 2/7 - (1 + (-1970)/14). Let p be (-1*1 - -1) + 14. Calculate the highest common divisor of p and q.
14
Let l = 4 + -2. Let o(d) = d**3 + 2*d**2 - 2*d - 2. Let k be o(l). What is the highest common factor of 2 and k?
2
Suppose 330 = -4*i + 10*i. Let r(k) = 2*k - 4. Let j be r(-3). Let v be (-54)/(-10) - (-4)/j. Calculate the highest common factor of v and i.
5
Let a = -3 + 6. Let q(h) = 13*h + 1. Let b be q(a). Suppose b = g + 1. Calculate the greatest common divisor of 13 and g.
13
Suppose 0 = -2*k + h - 9, -3*k - 5*h - 7 = -0. Let b = k + 60. Let l be -1 + 3 - (-5 + -1). Calculate the highest common factor of b and l.
8
Let q = -126 - -186. What is the greatest common factor of 24 and q?
12
Let o be ((-60)/7)/((-2)/14). Let g = o - 94. Let z = g - -62. Calculate the greatest common divisor of 4 and z.
4
Suppose r = -32 + 10. Let t be r/(-8) + (-3)/(-12). What is the greatest common divisor of 3 and t?
3
Let v(d) = d**3 + 5*d**2 + 2*d + 5. Let c be v(-5). Let x = 0 - c. Calculate the highest common factor of 35 and x.
5
Suppose 5*k = 4*f + 38, f - 26 = -5*k - f. Let m(r) be the first derivative of r**2 + 8*r - 1. Let z be m(k). What is the greatest common factor of z and 20?
20
Let q = -1 - -6. Let n(t) = -3*t - 1. Let b be n(-1). What is the highest common factor of q and b?
1
Suppose 3*f + 5*a - 38 = 0, -a = 1 - 2. Suppose -4*p - 3*j + 251 = -2*p, -5*p - j + 608 = 0. Calculate the highest common divisor of f and p.
11
Suppose -b + 2*b + 12 = x, 5*b = -2*x + 38. What is the greatest common divisor of x and 2?
2
Let y(n) = -n - 8. Let o be y(-9). Let q = -2 - o. Let c be q*((-50)/3 + -2). Calculate the greatest common divisor of 8 and c.
8
Let k = -178 + 250. Let n = 2 - -16. Calculate the highest common divisor of n and k.
18
Suppose -2*j + n + 39 = -2*n, j + n = 27. Calculate the greatest common divisor of 60 and j.
12
Let v = -3 - -4. Calculate the highest common factor of 2 and v.
1
Let f(m) = -m**2 + 23*m - 26. Let i be f(13). Let g = -1 - -14. What is the highest common factor of g and i?
13
Let g(m) = -2*m**2 + 68. Let c be g(0). Let f be (2 + (-26)/(-4))*2. What is the greatest common factor of c and f?
17
Suppose 2*i + 2*i - 116 = 0. Suppose 0 = 4*k - 47 - i. Let v be (k + 2)/((-6)/(-8)). Calculate the greatest common factor of 70 and v.
14
Let n be (18/(-15) - -2)*(-375)/(-6). What is the greatest common divisor of 25 and n?
25
Suppose f + 4 = 2*f. Suppose f*i - 31 = 81. Let r be (i/16)/((-1)/(-28)). What is the highest common divisor of r and 7?
7
Let l = 38 - 22. Let s = -44 + 172. What is the greatest common divisor of l and s?
16
Let g(v) = v**3 + v**2 + v + 56. Let d be g(0). Let w be d + (3 - 1) + -4. Calculate the highest common factor of w and 18.
18
Let q = -23 + 32. Calculate the highest common divisor of 36 and q.
9
Suppose 3*l - 12 = -l. Suppose -l = y - 2*y. Let u(h) = h**3 - 6*h**2 + 2*h - 9. Let m be u(6). What is the greatest common divisor of y and m?
3
Let s be ((-36)/15)/(15/(-1150)). Suppose x - 6*x + 138 = 2*w, 0 = -3*w + 4*x + s. What is the greatest common factor of 8 and w?
8
Suppose 0*i - 2*i = -4*c + 686, 176 = c - 5*i. What is the highest common factor of c and 19?
19
Let t = 56 - 20. Let y be (2 - 3 - 1) + t. What is the highest common divisor of y and 51?
17
Let t = 87 + -41. What is the greatest common divisor of t and 115?
23
Suppose -2*i + 4 = c, -2*i - 4*c = c + 4. Suppose i*m = m + 220. What is the highest common divisor of 11 and m?
11
Let t be ((-1)/3)/(7/483). Let s = -64 - t. Let k = -20 - s. What is the highest common factor of k and 3?
3
Let v be ((-3)/5)/(2/(-90)). Suppose y - v = -0*y. Let z be -1 + y + 3 + 1. What is the greatest common divisor of 6 and z?
6
Let c be 5*(-2 - -1) + -2. Let j = -3 - c. What is the greatest common divisor of 44 and j?
4
Let z(d) = d**3 + 5*d**2 - 5*d - 3. Let k be z(-5). What is the highest common factor of k and 1